{"id":83,"date":"2015-01-25T15:27:26","date_gmt":"2015-01-25T15:27:26","guid":{"rendered":"http:\/\/savisa.cl\/?page_id=83"},"modified":"2025-06-04T18:33:22","modified_gmt":"2025-06-04T21:33:22","slug":"nuestra-empresa","status":"publish","type":"page","link":"https:\/\/www.savisa.cl\/?page_id=83","title":{"rendered":"Nuestra Empresa"},"content":{"rendered":"<h3 style=\"text-align: justify;\"><strong>SALUD <span style=\"color: #ff0000;\">&amp;<\/span> VIDA<\/strong><\/h3>\n<p style=\"text-align: justify;\">Perteneciente al\u00a0Grupo de Empresas\u00a0<strong>Abumohor<\/strong><\/p>\n<hr \/>\n<p style=\"text-align: justify;\">Salud &amp; Vida Es una empresa Nacional, dedicada hace 15 a\u00f1os a la entrega de Servicios de Alimentaci\u00f3n de los Programas Gubernamentales de Alimentaci\u00f3n Escolar.<\/p>\n<p style=\"text-align: justify;\">Socio Estrat\u00e9gico de JUNAEB e importante actor que ejerce un rol de promotor del Programa de Alimentaci\u00f3n Escolar, reforzando el Prop\u00f3sito con que este ha sido desarrollado y la evoluci\u00f3n que ha tenido en los \u00faltimos a\u00f1os.<br \/>\nContamos con un experimentado grupo de profesionales en nuestras \u00e1reas T\u00e9cnicas, Log\u00edsticas y Operativas, as\u00ed como un equipo ejecutivo con amplia experiencia y trayectoria en Empresas de Servicios de Alimentaci\u00f3n que est\u00e1n orientados a la Satisfacci\u00f3n de Nuestros Clientes.<\/p>\n<p>&nbsp;<\/p>\n<p>&nbsp;<\/p>\n<ul>\n<li><strong>Servicios d\u00eda :\u00a0\u00a0\u00a0\u00a0\u00a0\u00a0\u00a0\u00a0\u00a0\u00a0\u00a0 833.461<\/strong><\/li>\n<li><strong>Establecimientos :\u00a0\u00a0\u00a0\u00a0\u00a0\u00a0\u00a0\u00a0\u00a0  1.992<\/strong><\/li>\n<li><strong>Colaboradores:\u00a0\u00a0\u00a0\u00a0\u00a0\u00a0\u00a0\u00a0 \u00a0\u00a0\u00a0\u00a07.200<\/strong><\/li>\n<\/ul>\n<p>&nbsp;<\/p>\n<p style=\"text-align: center;\"><a class=\"maxbutton-1 maxbutton maxbutton-directorio\" href=\"\/?page_id=468\"><span class='mb-text'>Directorio<\/span><\/a>\u00a0<a class=\"maxbutton-2 maxbutton maxbutton-administracion\" href=\"\/?page_id=474\"><span class='mb-text'>Administraci\u00f3n<\/span><\/a><\/p>\n","protected":false},"excerpt":{"rendered":"<p>SALUD &amp; VIDA Perteneciente al\u00a0Grupo de Empresas\u00a0Abumohor Salud &amp; Vida Es una empresa Nacional, dedicada hace 15 a\u00f1os a la entrega de Servicios de Alimentaci\u00f3n de los Programas Gubernamentales de Alimentaci\u00f3n Escolar. Socio Estrat\u00e9gico de JUNAEB e importante actor que ejerce un rol de promotor del Programa de Alimentaci\u00f3n Escolar, reforzando el Prop\u00f3sito con que este ha sido desarrollado y<\/p>\n","protected":false},"author":1,"featured_media":0,"parent":0,"menu_order":0,"comment_status":"closed","ping_status":"closed","template":"","meta":{"footnotes":""},"class_list":["post-83","page","type-page","status-publish","hentry"],"_links":{"self":[{"href":"https:\/\/www.savisa.cl\/index.php?rest_route=\/wp\/v2\/pages\/83","targetHints":{"allow":["GET"]}}],"collection":[{"href":"https:\/\/www.savisa.cl\/index.php?rest_route=\/wp\/v2\/pages"}],"about":[{"href":"https:\/\/www.savisa.cl\/index.php?rest_route=\/wp\/v2\/types\/page"}],"author":[{"embeddable":true,"href":"https:\/\/www.savisa.cl\/index.php?rest_route=\/wp\/v2\/users\/1"}],"replies":[{"embeddable":true,"href":"https:\/\/www.savisa.cl\/index.php?rest_route=%2Fwp%2Fv2%2Fcomments&post=83"}],"version-history":[{"count":36,"href":"https:\/\/www.savisa.cl\/index.php?rest_route=\/wp\/v2\/pages\/83\/revisions"}],"predecessor-version":[{"id":1028,"href":"https:\/\/www.savisa.cl\/index.php?rest_route=\/wp\/v2\/pages\/83\/revisions\/1028"}],"wp:attachment":[{"href":"https:\/\/www.savisa.cl\/index.php?rest_route=%2Fwp%2Fv2%2Fmedia&parent=83"}],"curies":[{"name":"wp","href":"https:\/\/api.w.org\/{rel}","templated":true}]}}