{"id":27,"date":"2015-01-05T03:49:30","date_gmt":"2015-01-05T03:49:30","guid":{"rendered":"http:\/\/savisa.cl\/?page_id=27"},"modified":"2022-06-30T16:36:43","modified_gmt":"2022-06-30T19:36:43","slug":"servicios","status":"publish","type":"page","link":"https:\/\/www.savisa.cl\/?page_id=27","title":{"rendered":"Alimentaci\u00f3n \u00c1rea Educacional"},"content":{"rendered":"<p><script>\n\twindow.fwSettings={\n\t'widget_id':73000003506\n\t};\n\t!function(){if(\"function\"!=typeof window.FreshworksWidget){var n=function(){n.q.push(arguments)};n.q=[],window.FreshworksWidget=n}}() \n<\/script><br \/>\n<script type='text\/javascript' src='https:\/\/widget.freshworks.com\/widgets\/73000003506.js' async defer><\/script><\/p>\n<div id=\"metaslider-id-253\" style=\"max-width: 1240px;\" class=\"ml-slider-3-107-0 metaslider metaslider-flex metaslider-253 ml-slider has-dots-nav ms-theme-default\" role=\"region\" aria-label=\"Alimentacion_escolar\" data-height=\"380\" data-width=\"1240\">\n    <div id=\"metaslider_container_253\">\n        <div id=\"metaslider_253\">\n            <ul class='slides'>\n                <li style=\"display: block; width: 100%;\" class=\"slide-254 ms-image \" aria-roledescription=\"slide\" data-date=\"2015-02-02 04:46:49\" data-filename=\"ecolar01-1215x372.jpg\" data-slide-type=\"image\"><img loading=\"lazy\" decoding=\"async\" src=\"https:\/\/www.savisa.cl\/wp-content\/uploads\/2015\/02\/ecolar01-1215x372.jpg\" height=\"380\" width=\"1240\" alt=\"\" class=\"slider-253 slide-254 msDefaultImage\" \/><\/li>\n                <li style=\"display: none; width: 100%;\" class=\"slide-581 ms-image \" aria-roledescription=\"slide\" data-date=\"2015-03-22 21:11:09\" data-filename=\"Alimentacion-Educacion-universitaria-1178x361.png\" data-slide-type=\"image\"><img loading=\"lazy\" decoding=\"async\" src=\"https:\/\/www.savisa.cl\/wp-content\/uploads\/2015\/03\/Alimentacion-Educacion-universitaria-1178x361.png\" height=\"380\" width=\"1240\" alt=\"\" class=\"slider-253 slide-581 msDefaultImage\" \/><\/li>\n                <li style=\"display: none; width: 100%;\" class=\"slide-583 ms-image \" aria-roledescription=\"slide\" data-date=\"2015-03-22 21:22:07\" data-filename=\"Alimentacion-Educacion-Basica-Media-1178x361.png\" data-slide-type=\"image\"><img loading=\"lazy\" decoding=\"async\" src=\"https:\/\/www.savisa.cl\/wp-content\/uploads\/2015\/03\/Alimentacion-Educacion-Basica-Media-1178x361.png\" height=\"380\" width=\"1240\" alt=\"\" class=\"slider-253 slide-583 msDefaultImage\" \/><\/li>\n            <\/ul>\n        <\/div>\n        \n    <\/div>\n<\/div>\n<p style=\"text-align: center;\"><em><strong>\u201cEducar con SALUD asegura una VIDA mejor\u201d<\/strong><\/em><\/p>\n<p style=\"text-align: justify;\"><strong>Salud <span style=\"color: #ff0000;\">&amp;<\/span> Vida<\/strong> tiene sus inicios en la entrega de Alimentaci\u00f3n Escolar, \u00a0la cual hoy la abordamos de la siguiente forma.<\/p>\n<hr \/>\n<p style=\"text-align: justify;\"><strong>Alimentaci\u00f3n\u00a0 Escolar a trav\u00e9s de Programas Gubernamentales<\/strong><\/p>\n<p style=\"text-align: justify;\">Entrega este Servicio a trav\u00e9s\u00a0 del Programa PAE (Programa de Alimentaci\u00f3n Escolar) del Gobierno de Chile y que se entrega\u00a0 a trav\u00e9s de JUNAEB (Junta Nacional de Auxilio Escolar y Becas), JUNJI (Junta Nacional de Jardines Infantiles) y Fundaci\u00f3n INTEGRA .<\/p>\n<p style=\"text-align: justify;\">La entrega de un producto seguro\u00a0 de calidad y una continuidad en el servicio,\u00a0\u00a0 hace de Salud &amp; Vida una de las principales e importantes\u00a0 Empresas Proveedoras del Programa, obteniendo en cada Proceso de Licitaci\u00f3n \u00a0\u00a0una importante presencia de mercado.<\/p>\n<hr \/>\n<p style=\"text-align: justify;\"><strong>Alimentaci\u00f3n para Colegios,\u00a0\u00a0 Institutos y Universidades<\/strong><\/p>\n<p style=\"text-align: justify;\">Satisface las necesidades de \u00a0Alimentaci\u00f3n de ni\u00f1os y j\u00f3venes en colegios y universidades a trav\u00e9s de una Alimentaci\u00f3n\u00a0 equilibrada nutricionalmente, \u00a0con preparaciones \u00a0entretenidas las que se van adapt\u00e1ndo en sus requerimientos seg\u00fan las diferentes edades en que se encuentren.<\/p>\n<p style=\"text-align: justify;\">Nos preocupamos de generar \u00a0ambientes c\u00e1lidos,\u00a0 con \u00a0flujos continuos y expeditos . Complementamos la entrega tradicional del \u00a0Servicio de Alimentaci\u00f3n con la Implementaci\u00f3n de Cafeter\u00edas y\/o Kioscos en los que se Ofrecen Mix de Productos complementarios para as\u00ed tener una Oferta gastron\u00f3mica \u00a0que responda\u00a0 a las expectativas de todos nuestros usuarios.<\/p>\n","protected":false},"excerpt":{"rendered":"<p>\u201cEducar con SALUD asegura una VIDA mejor\u201d Salud &amp; Vida tiene sus inicios en la entrega de Alimentaci\u00f3n Escolar, \u00a0la cual hoy la abordamos de la siguiente forma. Alimentaci\u00f3n\u00a0 Escolar a trav\u00e9s de Programas Gubernamentales Entrega este Servicio a trav\u00e9s\u00a0 del Programa PAE (Programa de Alimentaci\u00f3n Escolar) del Gobierno de Chile y que se entrega\u00a0 a trav\u00e9s de JUNAEB (Junta<\/p>\n","protected":false},"author":1,"featured_media":0,"parent":0,"menu_order":0,"comment_status":"closed","ping_status":"closed","template":"template-fullwidth.php","meta":{"footnotes":""},"class_list":["post-27","page","type-page","status-publish","hentry"],"_links":{"self":[{"href":"https:\/\/www.savisa.cl\/index.php?rest_route=\/wp\/v2\/pages\/27","targetHints":{"allow":["GET"]}}],"collection":[{"href":"https:\/\/www.savisa.cl\/index.php?rest_route=\/wp\/v2\/pages"}],"about":[{"href":"https:\/\/www.savisa.cl\/index.php?rest_route=\/wp\/v2\/types\/page"}],"author":[{"embeddable":true,"href":"https:\/\/www.savisa.cl\/index.php?rest_route=\/wp\/v2\/users\/1"}],"replies":[{"embeddable":true,"href":"https:\/\/www.savisa.cl\/index.php?rest_route=%2Fwp%2Fv2%2Fcomments&post=27"}],"version-history":[{"count":25,"href":"https:\/\/www.savisa.cl\/index.php?rest_route=\/wp\/v2\/pages\/27\/revisions"}],"predecessor-version":[{"id":850,"href":"https:\/\/www.savisa.cl\/index.php?rest_route=\/wp\/v2\/pages\/27\/revisions\/850"}],"wp:attachment":[{"href":"https:\/\/www.savisa.cl\/index.php?rest_route=%2Fwp%2Fv2%2Fmedia&parent=27"}],"curies":[{"name":"wp","href":"https:\/\/api.w.org\/{rel}","templated":true}]}}